100110011
In base 16, what is -1257 + -98?
-12ef
In base 15, what is 2 - 25863?
-25861
In base 13, what is -1861 + 14?
-184a
In base 15, what is -5 + 2d2de?
2d2d9
In base 8, what is 171 + 30473?
30664
In base 14, what is b3c + 18?
b56
In base 6, what is 3120 + -350?
2330
In base 4, what is -222123132 - -2?
-222123130
In base 12, what is -40 - -18a?
14a
In base 4, what is 1221012 - 1?
1221011
In base 10, what is -169 - 24836?
-25005
In base 6, what is 1323 + -545?
334
In base 6, what is -521 + -21534?
-22455
In base 9, what is 86 - 3638?
-3542
In base 4, what is 112121 - 10?
112111
In base 15, what is 2d8e + -5?
2d89
In base 6, what is -15314 + -100?
-15414
In base 7, what is 202 - -2345?
2550
In base 9, what is -5 - -202514?
202508
In base 10, what is -1615 - 62?
-1677
In base 6, what is -1240545 + -3?
-1240552
In base 10, what is -177 - -107?
-70
In base 14, what is 22 + -d06?
-cc4
In base 15, what is -4c5ad - -10?
-4c59d
In base 2, what is 1001010001111 - -101001001?
1001111011000
In base 14, what is -d34 - -5c?
-cb6
In base 4, what is 10 - 112221312?
-112221302
In base 15, what is -a3b3 - -1e?
-a394
In base 14, what is -8 - 590?
-598
In base 15, what is -2890c + 0?
-2890c
In base 9, what is 126 - 87?
28
In base 8, what is 4 - 143061?
-143055
In base 10, what is -107732 - -8?
-107724
In base 6, what is -433020 - 2?
-433022
In base 16, what is -183f75 - -3?
-183f72
In base 7, what is 3 + -2612204?
-2612201
In base 12, what is 13a1 + 57?
1438
In base 12, what is -3 - 40a07?
-40a0a
In base 16, what is 419 - 19?
400
In base 13, what is 4758 + -35?
4723
In base 2, what is 110010 + 100111111?
101110001
In base 16, what is -4 - -b60?
b5c
In base 5, what is -3332 + -141?
-4023
In base 11, what is 2 - -36811?
36813
In base 14, what is -9119c + -1?
-9119d
In base 2, what is 100001100 - -101010110010010?
101011010011110
In base 14, what is -1 + -359521?
-359522
In base 7, what is 5562 + 112?
6004
In base 8, what is 1 - 57453?
-57452
In base 3, what is 1101211120002 + 11?
1101211120020
In base 11, what is 225a8 - -2?
225aa
In base 13, what is 27 + 3c4c4?
3c51b
In base 2, what is 101100 - 11110000010010?
-11101111100110
In base 4, what is 322333333 + 12?
323000011
In base 11, what is -38 - -2035a?
20322
In base 16, what is -6 + 1b93?
1b8d
In base 6, what is -331 - -32253?
31522
In base 13, what is 940b + 1?
940c
In base 5, what is -3312334 + -10?
-3312344
In base 10, what is 1 + 340051?
340052
In base 16, what is -7 + 4960?
4959
In base 13, what is 12 - 66338?
-66326
In base 13, what is -2c - -809?
7aa
In base 12, what is -1 - -252a?
2529
In base 12, what is 2 + 26a48?
26a4a
In base 6, what is -42 + -3250?
-3332
In base 16, what is -29 + -2354?
-237d
In base 2, what is -1000010100110001 + 10?
-1000010100101111
In base 16, what is -1a + -17b2?
-17cc
In base 8, what is -3 - -154260?
154255
In base 12, what is 67a71 - -4?
67a75
In base 9, what is -177 + -1?
-178
In base 2, what is -110011110111011 - 101?
-110011111000000
In base 16, what is -3 + -3bf8?
-3bfb
In base 9, what is 4031 - 15?
4015
In base 7, what is 6 + -46061?
-46052
In base 15, what is -119d3 - 0?
-119d3
In base 16, what is -e56b - -11?
-e55a
In base 12, what is -2 - 62a3b?
-62a41
In base 3, what is -12 - -11021012?
11021000
In base 15, what is -3 - -bac81?
bac7d
In base 12, what is 32454 + 2?
32456
In base 3, what is -2000 + 210222?
201222
In base 14, what is -d934b - 5?
-d9352
In base 15, what is 0 - -27045?
27045
In base 2, what is 1 + -1001100001101?
-1001100001100
In base 11, what is 23602 - 3?
235aa
In base 15, what is 0 - -1b167?
1b167
In base 9, what is 26 + 732?
758
In base 2, what is -100110 - -100111101011?
100111000101
In base 3, what is -2 - 12222121121?
-12222121200
In base 12, what is -3 + -a38?
-a3b
In base 15, what is -2a64 - 6b?
-2ad0
In base 12, what is -81391 + 1?
-81390
In base 8, what is 1136 + -305?
631
In base 8, what is -3 - -4221?
4216
In base 3, what is -121021210 - -12?
-121021121
In base 12, what is 20393 - 1?
20392
In base 12, what is -417096 - -4?
-417092
In base 7, what is 1105254 + 0?
1105254
In base 16, what is -79c - -f1?
-6ab
In base 7, what is 1010 + 343?
1353
In base 8, what is 272 + 5724?
6216
In base 5, what is -13302204 - 1?
-13302210
In base 5, what is -13 - 1141344?
-1141412
In base 7, what is -2056432 - 11?
-2056443
In base 13, what is 268 - -26?
291
In base 12, what is -143b9 + -8?
-14405
In base 10, what is 589 + -2?
587
In base 13, what is 88 - -a57?
b12
In base 7, what is 25 + -302551?
-302523
In base 10, what is 50102 + 1?
50103
In base 5, what is 1 - -233424?
233430
In base 8, what is 2452 + 347?
3021
In base 11, what is -5 + 52927?
52922
In base 11, what is -19090 - -1?
-1908a
In base 13, what is -655 + 1496?
b41
In base 6, what is -4 - -5452?
5444
In base 10, what is -20 - -316?
296
In base 2, what is 10 + 10010010001101?
10010010001111
In base 10, what is -22154 - 2?
-22156
In base 10, what is 2832 + 352?
3184
In base 3, what is -10212101 + 20?
-10212011
In base 8, what is 4 - 564766?
-564762
In base 10, what is -23058 + -2?
-23060
In base 3, what is 1001210201222 + 11?
1001210202010
In base 4, what is 212331000 - -13?
212331013
In base 7, what is -3 - -5411?
5405
In base 5, what is 12400 - 313?
12032
In base 3, what is -10212121 + 22021?
-10120100
In base 8, what is 305 - 263?
22
In base 4, what is 323 + 111311?
112300
In base 2, what is 11001010 - 11000000110?
-10100111100
In base 5, what is -2310 - -1333?
-422
In base 7, what is 1 - -1623334?
1623335
In base 13, what is -325 - 158?
-480
In base 8, what is -13 + -2204?
-2217
In base 3, what is 102002 - -100122?
202201
In base 7, what is 2333 - -412?
3045
In base 12, what is -1 - -44b?
44a
In base 7, what is -2354 + -5541?
-11225
In base 7, what is 2643113 - 2?
2643111
In base 3, what is -100122212221 - -2?
-100122212212
In base 2, what is -1001110110111 - -100?
-1001110110011
In base 14, what is 0 - -2721?
2721
In base 12, what is -a - 15b11?
-15b1b
In base 13, what is 5 + -35b24?
-35b1c
In base 16, what is -e2f + dc?
-d53
In base 13, what is c94 + -16?
c7b
In base 2, what is -100010110001 + -1110?
-100010111111
In base 13, what is 1983 - 79?
1907
In base 8, what is -267 + 117?
-150
In base 6, what is -4 + -2233154?
-2233202
In base 8, what is 63466 + -7?
63457
In base 15, what is -8aa + 10?
-89a
In base 8, what is -3142 - 16?
-3160
In base 5, what is 4334 + -320?
4014
In base 11, what is 1869 - -5?
1873
In base 12, what is -22 + -386?
-3a8
In base 15, what is -1 + -a14d?
-a14e
In base 15, what is -175 - -6b?
-109
In base 14, what is -756c - d?
-757b
In base 11, what is 4 - 679809?
-679805
In base 15, what is 88319 + 7?
88321
In base 13, what is 7a - -b4?
161
In base 5, what is -200013 + -233?
-200301
In base 14, what is -8 + -b87a?
-b884
In base 3, what is 1201101110 + 21?
1201101201
In base 4, what is -1 - 1221032310?
-1221032311
In base 4, what is -3332030 + 2?
-3332022
In base 14, what is -52b79 + -1?
-52b7a
In base 13, what is -1 - -89490?
8948c
In base 12, what is 13 - 1bbb?
-1ba8
In base 6, what is -5 + -14412?
-14421
In base 9, what is 77 + -6337?
-6250
In base 6, what is 440 - -303?
1143
In base 12, what is -87b + -3a4?
-1063
In base 13, what is -42656 - -5?
-42651
In base 10, what is -6750 - -114?
-6636
In base 3, what is -21110102 + 2?
-21110100
In base 9, what is -40 - 1551?
-1601
In base 10, what is -350 - 34?
-384
In base 4, what is -11 + 11222223?
11222212
In base 2, what is -11101101 + 11100?
-11010001
In base 3, what is -1 - -10211110102?
10211110101
In base 8, what is 274 - -1310?
1604
In base 4, what is 320232 + -1002?
313230
In base 6, what is 133 - 1051?
-514
In base 13, what is -14 - 3471?
-3485
In base 7, what is -53666 - -2?
-53664
In base 7, what is 36312 + -105?
36204
In base 15, what is -2 + 1677a?
16778
In base 6, what is -1511 - -202?
-1305
In base 3, what is -2 - 11201000202?
-11201000211
In base 6, what is 345 - 420102?
-415313
In base 9, what is 1668 + 1334?
3113
In base 2, what is 11110000101 + 1011100110?
101001101011
In base 3, what is -1112101110 - 20?
-1112101200
In base 13, what is -9a - -415?
348
In base 10, what is 23 - -1512?
1535
In base 15, what is -6a9 - 1b6a?
-2324
In base 7, what is -2220144 - -3?
-2220141
In base 14, what is 22c49 - 1?
22